{"id":4168,"date":"2024-12-11T14:31:50","date_gmt":"2024-12-11T14:31:50","guid":{"rendered":"https:\/\/www.olfa.mimacdoo.rs\/?post_type=product&#038;p=4168"},"modified":"2024-12-11T14:36:24","modified_gmt":"2024-12-11T14:36:24","slug":"dc-7-kutija","status":"publish","type":"product","link":"https:\/\/www.olfa.mimacdoo.rs\/?product=dc-7-kutija","title":{"rendered":"DC-7 KUTIJA"},"content":{"rendered":"<p>Bezbedno odlomite tupe segmente no\u017ei\u0107a i odlo\u017eite potro\u0161ena se\u010diva pomo\u0107u OLFA DC-7 kutije za odlaganje no\u017ei\u0107a d\u017eepne veli\u010dine. Dovoljno mala da stane u d\u017eep torbe, ova \u010dvrsta kutijica je savr\u0161ena za lomljenje segmenata no\u017ei\u0107a od 18mm, 12.5mm i 9mm. Odlomite iskori\u0161\u0107en segment no\u017ei\u0107a i smestite ga u kutiju samo jednim pokretom. *NIJE kompatibilna sa OLFA 25mm, 18mm: OL i CMP-2.<\/p>\n<p>Veoma jednostavno i glatko ubacite no\u017ei\u0107 kroz prorez na kutijici DC-7 za lomljenje.<\/p>\n<p><img fetchpriority=\"high\" class=\"alignnone  wp-image-4169\" src=\"https:\/\/www.olfa.mimacdoo.rs\/wp-content\/uploads\/2024\/12\/dc-7_f01-300x200.jpg\" alt=\"\" width=\"341\" height=\"227\" srcset=\"https:\/\/www.olfa.mimacdoo.rs\/wp-content\/uploads\/2024\/12\/dc-7_f01-300x200.jpg 300w, https:\/\/www.olfa.mimacdoo.rs\/wp-content\/uploads\/2024\/12\/dc-7_f01-1024x683.jpg 1024w, https:\/\/www.olfa.mimacdoo.rs\/wp-content\/uploads\/2024\/12\/dc-7_f01-768x512.jpg 768w, https:\/\/www.olfa.mimacdoo.rs\/wp-content\/uploads\/2024\/12\/dc-7_f01-18x12.jpg 18w, https:\/\/www.olfa.mimacdoo.rs\/wp-content\/uploads\/2024\/12\/dc-7_f01-600x400.jpg 600w, https:\/\/www.olfa.mimacdoo.rs\/wp-content\/uploads\/2024\/12\/dc-7_f01.jpg 1200w\" sizes=\"(max-width: 341px) 100vw, 341px\" \/><\/p>\n<p>Deo gde se direktno odvija radnja lomljenja no\u017ei\u0107a je izra\u0111en od izdr\u017eljive, dugotrajne POM smole sa staklenim vlaknima.<\/p>\n<p><img class=\"alignnone  wp-image-4170\" src=\"https:\/\/www.olfa.mimacdoo.rs\/wp-content\/uploads\/2024\/12\/dc-7_f02-300x200.jpg\" alt=\"\" width=\"341\" height=\"227\" srcset=\"https:\/\/www.olfa.mimacdoo.rs\/wp-content\/uploads\/2024\/12\/dc-7_f02-300x200.jpg 300w, https:\/\/www.olfa.mimacdoo.rs\/wp-content\/uploads\/2024\/12\/dc-7_f02-1024x683.jpg 1024w, https:\/\/www.olfa.mimacdoo.rs\/wp-content\/uploads\/2024\/12\/dc-7_f02-768x512.jpg 768w, https:\/\/www.olfa.mimacdoo.rs\/wp-content\/uploads\/2024\/12\/dc-7_f02-18x12.jpg 18w, https:\/\/www.olfa.mimacdoo.rs\/wp-content\/uploads\/2024\/12\/dc-7_f02-600x400.jpg 600w, https:\/\/www.olfa.mimacdoo.rs\/wp-content\/uploads\/2024\/12\/dc-7_f02.jpg 1200w\" sizes=\"(max-width: 341px) 100vw, 341px\" \/><\/p>\n<p>DC-7 kutijica je prenosiva i dovoljno mala da lako stane u torbu oko struka ili d\u017eep torbe.<\/p>\n<p><img class=\"alignnone  wp-image-4171\" src=\"https:\/\/www.olfa.mimacdoo.rs\/wp-content\/uploads\/2024\/12\/dc-7_f04-300x200.jpg\" alt=\"\" width=\"341\" height=\"227\" srcset=\"https:\/\/www.olfa.mimacdoo.rs\/wp-content\/uploads\/2024\/12\/dc-7_f04-300x200.jpg 300w, https:\/\/www.olfa.mimacdoo.rs\/wp-content\/uploads\/2024\/12\/dc-7_f04-1024x683.jpg 1024w, https:\/\/www.olfa.mimacdoo.rs\/wp-content\/uploads\/2024\/12\/dc-7_f04-768x512.jpg 768w, https:\/\/www.olfa.mimacdoo.rs\/wp-content\/uploads\/2024\/12\/dc-7_f04-18x12.jpg 18w, https:\/\/www.olfa.mimacdoo.rs\/wp-content\/uploads\/2024\/12\/dc-7_f04-600x400.jpg 600w, https:\/\/www.olfa.mimacdoo.rs\/wp-content\/uploads\/2024\/12\/dc-7_f04.jpg 1200w\" sizes=\"(max-width: 341px) 100vw, 341px\" \/><\/p>\n<p><span style=\"font-size: large;\"><b>Sigurnosni poklopac<\/b><\/span><\/p>\n<p><img loading=\"lazy\" class=\"alignnone  wp-image-4173\" src=\"https:\/\/www.olfa.mimacdoo.rs\/wp-content\/uploads\/2024\/12\/dc-7_f010-1-300x200.jpg\" alt=\"\" width=\"341\" height=\"227\" srcset=\"https:\/\/www.olfa.mimacdoo.rs\/wp-content\/uploads\/2024\/12\/dc-7_f010-1-300x200.jpg 300w, https:\/\/www.olfa.mimacdoo.rs\/wp-content\/uploads\/2024\/12\/dc-7_f010-1-1024x683.jpg 1024w, https:\/\/www.olfa.mimacdoo.rs\/wp-content\/uploads\/2024\/12\/dc-7_f010-1-768x512.jpg 768w, https:\/\/www.olfa.mimacdoo.rs\/wp-content\/uploads\/2024\/12\/dc-7_f010-1-18x12.jpg 18w, https:\/\/www.olfa.mimacdoo.rs\/wp-content\/uploads\/2024\/12\/dc-7_f010-1-600x400.jpg 600w, https:\/\/www.olfa.mimacdoo.rs\/wp-content\/uploads\/2024\/12\/dc-7_f010-1.jpg 1200w\" sizes=\"(max-width: 341px) 100vw, 341px\" \/><\/p>\n<p>\u2460Podignite crveni poklopac se\u010diva nagore.<br \/>\n\u2461Pomerite ga nadole dok ne bude bezbedno zaklju\u010dan \u0161kljocajem.<br \/>\n* Obavezno dobro zaklju\u010dajte poklopac se\u010diva nakon upotrebe.<br \/>\n*Ako je poklopac se\u010diva otvoren ili nije dobro zaklju\u010dan, segmenti se\u010diva mogu izac\u0301i kroz otvor.<\/p>\n<p><span style=\"font-size: large;\"><b>Kako odlomiti se\u010divo<\/b><\/span><\/p>\n<p><img loading=\"lazy\" class=\"alignnone  wp-image-4174\" src=\"https:\/\/www.olfa.mimacdoo.rs\/wp-content\/uploads\/2024\/12\/dc-7_f07-300x200.jpg\" alt=\"\" width=\"341\" height=\"227\" srcset=\"https:\/\/www.olfa.mimacdoo.rs\/wp-content\/uploads\/2024\/12\/dc-7_f07-300x200.jpg 300w, https:\/\/www.olfa.mimacdoo.rs\/wp-content\/uploads\/2024\/12\/dc-7_f07-1024x683.jpg 1024w, https:\/\/www.olfa.mimacdoo.rs\/wp-content\/uploads\/2024\/12\/dc-7_f07-768x512.jpg 768w, https:\/\/www.olfa.mimacdoo.rs\/wp-content\/uploads\/2024\/12\/dc-7_f07-18x12.jpg 18w, https:\/\/www.olfa.mimacdoo.rs\/wp-content\/uploads\/2024\/12\/dc-7_f07-600x400.jpg 600w, https:\/\/www.olfa.mimacdoo.rs\/wp-content\/uploads\/2024\/12\/dc-7_f07.jpg 1200w\" sizes=\"(max-width: 341px) 100vw, 341px\" \/><\/p>\n<p>\u2460Ubacite se\u010divo u prorez za \u0161kljocanje se\u010diva tako \u0161to c\u0301ete otkriti samo jedan segment se\u010diva.<br \/>\n\u2461Odlomite se\u010divo tako \u0161to c\u0301ete ga postaviti tako da se odlomi od linije segmenta na se\u010divu.<\/p>\n<p><img loading=\"lazy\" class=\"alignnone wp-image-4183\" src=\"https:\/\/www.olfa.mimacdoo.rs\/wp-content\/uploads\/2024\/12\/dc-7_f08-300x157.jpg\" alt=\"\" width=\"342\" height=\"179\" srcset=\"https:\/\/www.olfa.mimacdoo.rs\/wp-content\/uploads\/2024\/12\/dc-7_f08-300x157.jpg 300w, https:\/\/www.olfa.mimacdoo.rs\/wp-content\/uploads\/2024\/12\/dc-7_f08-1024x536.jpg 1024w, https:\/\/www.olfa.mimacdoo.rs\/wp-content\/uploads\/2024\/12\/dc-7_f08-768x402.jpg 768w, https:\/\/www.olfa.mimacdoo.rs\/wp-content\/uploads\/2024\/12\/dc-7_f08-18x9.jpg 18w, https:\/\/www.olfa.mimacdoo.rs\/wp-content\/uploads\/2024\/12\/dc-7_f08-600x314.jpg 600w, https:\/\/www.olfa.mimacdoo.rs\/wp-content\/uploads\/2024\/12\/dc-7_f08.jpg 1200w\" sizes=\"(max-width: 342px) 100vw, 342px\" \/><\/p>\n<p><span style=\"font-size: large;\"><b>Kako isprazniti <\/b><\/span><span style=\"font-size: large;\"><b>prostor gde se nalaze uskladi\u0161tena se\u010diva<\/b><\/span><\/p>\n<p><img loading=\"lazy\" class=\"alignnone  wp-image-4175\" src=\"https:\/\/www.olfa.mimacdoo.rs\/wp-content\/uploads\/2024\/12\/dc-7_f09-300x200.jpg\" alt=\"\" width=\"341\" height=\"227\" srcset=\"https:\/\/www.olfa.mimacdoo.rs\/wp-content\/uploads\/2024\/12\/dc-7_f09-300x200.jpg 300w, https:\/\/www.olfa.mimacdoo.rs\/wp-content\/uploads\/2024\/12\/dc-7_f09-1024x683.jpg 1024w, https:\/\/www.olfa.mimacdoo.rs\/wp-content\/uploads\/2024\/12\/dc-7_f09-768x512.jpg 768w, https:\/\/www.olfa.mimacdoo.rs\/wp-content\/uploads\/2024\/12\/dc-7_f09-18x12.jpg 18w, https:\/\/www.olfa.mimacdoo.rs\/wp-content\/uploads\/2024\/12\/dc-7_f09-600x400.jpg 600w, https:\/\/www.olfa.mimacdoo.rs\/wp-content\/uploads\/2024\/12\/dc-7_f09.jpg 1200w\" sizes=\"(max-width: 341px) 100vw, 341px\" \/><\/p>\n<p>\u2460Otklju\u010dajte tako \u0161to c\u0301ete prstima gurnuti i pro\u0161iriti \u017eute stezaljke sa strane glavnog tela.<br \/>\n\u2461Sa crvenim poklopcem se\u010diva potpuno zaklju\u010danim, povucite sivi deo poklopca nagore.<br \/>\n\u2462Budite oprezni kada odla\u017eete uskladi\u0161tena se\u010diva.<br \/>\n*Izvucite ga tako da poklopac \u0161kljocne nagore. U suprotnom, o\u0161trice mogu izleteti i izazvati povrede.<br \/>\n*Prilikom sastavljanja, obavezno sastavite svaki deo pravilno i bezbedno.<\/p>\n<div class=\"ast-oembed-container \" style=\"height: 100%;\"><iframe title=\"DC-7 -Blade Disposal Case-\" width=\"500\" height=\"281\" src=\"https:\/\/www.youtube.com\/embed\/PgCCduYgC1s?start=98&#038;feature=oembed\" frameborder=\"0\" allow=\"accelerometer; autoplay; clipboard-write; encrypted-media; gyroscope; picture-in-picture; web-share\" referrerpolicy=\"strict-origin-when-cross-origin\" allowfullscreen><\/iframe><\/div>\n<p>&nbsp;<\/p>\n","protected":false},"excerpt":{"rendered":"<p>\u2022 Kutija za lomljenje i odlaganje no\u017ei\u0107a<br \/>\n\u2022 Kompatibilna sa OLFA 18mm, 12.5mm i 9mm<br \/>\n\u2022 Uzak dizajn kutije<br \/>\n\u2022 Bezbedan proces lomljenja segmenata<br \/>\n\u2022 Glavno telo otporno na aceton<br \/>\n\u2022 <strong>Made in Japan<\/strong><\/p>\n","protected":false},"featured_media":4176,"template":"","meta":{"_uag_custom_page_level_css":"","site-sidebar-layout":"default","site-content-layout":"","ast-site-content-layout":"default","site-content-style":"default","site-sidebar-style":"default","ast-global-header-display":"","ast-banner-title-visibility":"","ast-main-header-display":"","ast-hfb-above-header-display":"","ast-hfb-below-header-display":"","ast-hfb-mobile-header-display":"","site-post-title":"","ast-breadcrumbs-content":"","ast-featured-img":"","footer-sml-layout":"","theme-transparent-header-meta":"default","adv-header-id-meta":"","stick-header-meta":"","header-above-stick-meta":"","header-main-stick-meta":"","header-below-stick-meta":"","astra-migrate-meta-layouts":"set","ast-page-background-enabled":"default","ast-page-background-meta":{"desktop":{"background-color":"","background-image":"","background-repeat":"repeat","background-position":"center center","background-size":"auto","background-attachment":"scroll","background-type":"","background-media":"","overlay-type":"","overlay-color":"","overlay-opacity":"","overlay-gradient":""},"tablet":{"background-color":"","background-image":"","background-repeat":"repeat","background-position":"center center","background-size":"auto","background-attachment":"scroll","background-type":"","background-media":"","overlay-type":"","overlay-color":"","overlay-opacity":"","overlay-gradient":""},"mobile":{"background-color":"","background-image":"","background-repeat":"repeat","background-position":"center center","background-size":"auto","background-attachment":"scroll","background-type":"","background-media":"","overlay-type":"","overlay-color":"","overlay-opacity":"","overlay-gradient":""}},"ast-content-background-meta":{"desktop":{"background-color":"var(--ast-global-color-5)","background-image":"","background-repeat":"repeat","background-position":"center center","background-size":"auto","background-attachment":"scroll","background-type":"","background-media":"","overlay-type":"","overlay-color":"","overlay-opacity":"","overlay-gradient":""},"tablet":{"background-color":"var(--ast-global-color-5)","background-image":"","background-repeat":"repeat","background-position":"center center","background-size":"auto","background-attachment":"scroll","background-type":"","background-media":"","overlay-type":"","overlay-color":"","overlay-opacity":"","overlay-gradient":""},"mobile":{"background-color":"var(--ast-global-color-5)","background-image":"","background-repeat":"repeat","background-position":"center center","background-size":"auto","background-attachment":"scroll","background-type":"","background-media":"","overlay-type":"","overlay-color":"","overlay-opacity":"","overlay-gradient":""}}},"product_brand":[],"product_cat":[53],"product_tag":[],"class_list":{"0":"post-4168","1":"product","2":"type-product","3":"status-publish","4":"has-post-thumbnail","6":"product_cat-kutije-za-odlaganje-nozica","7":"desktop-align-left","8":"tablet-align-left","9":"mobile-align-left","11":"first","12":"instock","13":"shipping-taxable","14":"product-type-simple"},"uagb_featured_image_src":{"full":["https:\/\/www.olfa.mimacdoo.rs\/wp-content\/uploads\/2024\/12\/DC-7.jpg",640,640,false],"thumbnail":["https:\/\/www.olfa.mimacdoo.rs\/wp-content\/uploads\/2024\/12\/DC-7-150x150.jpg",150,150,true],"medium":["https:\/\/www.olfa.mimacdoo.rs\/wp-content\/uploads\/2024\/12\/DC-7-300x300.jpg",300,300,true],"medium_large":["https:\/\/www.olfa.mimacdoo.rs\/wp-content\/uploads\/2024\/12\/DC-7.jpg",640,640,false],"large":["https:\/\/www.olfa.mimacdoo.rs\/wp-content\/uploads\/2024\/12\/DC-7.jpg",640,640,false],"1536x1536":["https:\/\/www.olfa.mimacdoo.rs\/wp-content\/uploads\/2024\/12\/DC-7.jpg",640,640,false],"2048x2048":["https:\/\/www.olfa.mimacdoo.rs\/wp-content\/uploads\/2024\/12\/DC-7.jpg",640,640,false],"trp-custom-language-flag":["https:\/\/www.olfa.mimacdoo.rs\/wp-content\/uploads\/2024\/12\/DC-7-12x12.jpg",12,12,true],"woocommerce_thumbnail":["https:\/\/www.olfa.mimacdoo.rs\/wp-content\/uploads\/2024\/12\/DC-7-300x300.jpg",300,300,true],"woocommerce_single":["https:\/\/www.olfa.mimacdoo.rs\/wp-content\/uploads\/2024\/12\/DC-7-600x600.jpg",600,600,true],"woocommerce_gallery_thumbnail":["https:\/\/www.olfa.mimacdoo.rs\/wp-content\/uploads\/2024\/12\/DC-7-100x100.jpg",100,100,true]},"uagb_author_info":{"display_name":"mimacdoo","author_link":"https:\/\/www.olfa.mimacdoo.rs\/?author=0"},"uagb_comment_info":0,"uagb_excerpt":"\u2022 Kutija za lomljenje i odlaganje no\u017ei\u0107a \u2022 Kompatibilna sa OLFA 18mm, 12.5mm i 9mm \u2022 Uzak dizajn kutije \u2022 Bezbedan proces lomljenja segmenata \u2022 Glavno telo otporno na aceton \u2022 Made in Japan","_links":{"self":[{"href":"https:\/\/www.olfa.mimacdoo.rs\/index.php?rest_route=\/wp\/v2\/product\/4168","targetHints":{"allow":["GET"]}}],"collection":[{"href":"https:\/\/www.olfa.mimacdoo.rs\/index.php?rest_route=\/wp\/v2\/product"}],"about":[{"href":"https:\/\/www.olfa.mimacdoo.rs\/index.php?rest_route=\/wp\/v2\/types\/product"}],"wp:featuredmedia":[{"embeddable":true,"href":"https:\/\/www.olfa.mimacdoo.rs\/index.php?rest_route=\/wp\/v2\/media\/4176"}],"wp:attachment":[{"href":"https:\/\/www.olfa.mimacdoo.rs\/index.php?rest_route=%2Fwp%2Fv2%2Fmedia&parent=4168"}],"wp:term":[{"taxonomy":"product_brand","embeddable":true,"href":"https:\/\/www.olfa.mimacdoo.rs\/index.php?rest_route=%2Fwp%2Fv2%2Fproduct_brand&post=4168"},{"taxonomy":"product_cat","embeddable":true,"href":"https:\/\/www.olfa.mimacdoo.rs\/index.php?rest_route=%2Fwp%2Fv2%2Fproduct_cat&post=4168"},{"taxonomy":"product_tag","embeddable":true,"href":"https:\/\/www.olfa.mimacdoo.rs\/index.php?rest_route=%2Fwp%2Fv2%2Fproduct_tag&post=4168"}],"curies":[{"name":"wp","href":"https:\/\/api.w.org\/{rel}","templated":true}]}}