{"id":2103,"date":"2022-12-22T10:17:20","date_gmt":"2022-12-22T10:17:20","guid":{"rendered":"https:\/\/www.olfa.mimacdoo.rs\/?post_type=product&#038;p=2103"},"modified":"2024-09-12T11:07:22","modified_gmt":"2024-09-12T11:07:22","slug":"rty-2-dx-skalpel","status":"publish","type":"product","link":"https:\/\/www.olfa.mimacdoo.rs\/?product=rty-2-dx-skalpel","title":{"rendered":"RTY-2\/DX SKALPEL"},"content":{"rendered":"<p><strong>RTY-2\/DX<\/strong><\/p>\n<p>Izaberite OLFA RTY-2\/DX ergonomski rotacioni skalpel zbog njegovih brojnih funkcija koje se\u010denje \u010dine udobnim i bezbednim. Ovaj premium skalpel ima ru\u010dku koja je zakrivljena kako bi se smanjio zamor zglobova i ruku i koja je dizajnirana za kori\u0161\u0107enje i desnom i levom rukom. Integrisani \u017elebovi i gumeni rukohvat dodaju na udobnosti i spre\u010davaju klizanje.<\/p>\n<p>Okida\u010d za stiskanje aktivira se\u010divo spremno za se\u010denje, dok se o\u0161trica automatski uvla\u010di sa otpu\u0161tanjem okida\u010da, radi bezbednosti. Sigurnosna brava sa dvostrukim dejstvom mo\u017ee da osigura se\u010divo u otvorenom polo\u017eaju ili da dr\u017ei se\u010divo zatvoreno kada se ne koristi.<\/p>\n<p>Preporu\u010duje se za upotrebu sa <a href=\"https:\/\/www.olfa.mimacdoo.rs\/?product_cat=podloge\">OLFA podlogama za se\u010denje<\/a> koje ne o\u0161te\u0107uju no\u017ei\u0107. OLFA se\u010divo od volframovog \u010delika pru\u017ea dugotrajnu o\u0161tru ivicu za \u0161irok spektar projekata. O\u0161trina ovog se\u010diva omogu\u0107ava se\u010denje do osam slojeva pamu\u010dne tkanine u jednom potezu. Ukrasna se\u010diva koja prave talasaste linije se prodaju zasebno. Promena no\u017ei\u0107a je jednostavna i bez dodatnih alata. Namenjen za se\u010denje svih vrsta tkanine, tekstila, ko\u017ee, vune, pamuka, vinila, papira, filma i jo\u0161 mnogo toga.<\/p>\n<p>Koristi rezervne no\u017ei\u0107e <a href=\"https:\/\/www.olfa.mimacdoo.rs\/?product=rb45-nozici\">RB45<\/a>, <a href=\"https:\/\/www.olfa.mimacdoo.rs\/?product=rb45h-nozici\">RB45H<\/a>, <a href=\"https:\/\/www.olfa.mimacdoo.rs\/?product=pib45-nozici\">PIB45<\/a> i <a href=\"https:\/\/www.olfa.mimacdoo.rs\/?product=wab45-nozici\">WAB45<\/a> serije.<\/p>\n<blockquote><p><em>OLFA je 1979. godine izumom rotacionog skalpela, napravila revoluciju u na\u010dinu se\u010denja tkanine i materijala, i time donela mnoge olak\u0161ice i pogodnosti koje nisu mogle da se zamisle u to vreme.<\/em><\/p><\/blockquote>\n<div class=\"ast-oembed-container \" style=\"height: 100%;\"><iframe title=\"OLFA 45mm RTY-2\/DX Ergonomic Rotary Cutter\" width=\"500\" height=\"281\" src=\"https:\/\/www.youtube.com\/embed\/MY0cymnyNJU?feature=oembed\" frameborder=\"0\" allow=\"accelerometer; autoplay; clipboard-write; encrypted-media; gyroscope; picture-in-picture; web-share\" referrerpolicy=\"strict-origin-when-cross-origin\" allowfullscreen><\/iframe><\/div>\n","protected":false},"excerpt":{"rendered":"<p>\u2022 Premium rotacioni skalpel \u0161irine 45mm<br \/>\n\u2022 Ergonomska dr\u0161ka protiv klizanja<br \/>\n\u2022 Veoma laka zamena dotrajalog no\u017ei\u0107a<br \/>\n\u2022 Dolazi sa visokokvalitetnim RB45 no\u017ei\u0107em<br \/>\n\u2022 Bezbednosni sistem zaklju\u010davanja<br \/>\n\u2022 Za levoruke i desnoruke<br \/>\n\u2022 <strong>Made in Japan<\/strong><\/p>\n","protected":false},"featured_media":3468,"template":"","meta":{"_uag_custom_page_level_css":"","site-sidebar-layout":"default","site-content-layout":"default","ast-site-content-layout":"default","site-content-style":"default","site-sidebar-style":"default","ast-global-header-display":"","ast-banner-title-visibility":"","ast-main-header-display":"","ast-hfb-above-header-display":"","ast-hfb-below-header-display":"","ast-hfb-mobile-header-display":"","site-post-title":"","ast-breadcrumbs-content":"","ast-featured-img":"","footer-sml-layout":"","theme-transparent-header-meta":"default","adv-header-id-meta":"","stick-header-meta":"","header-above-stick-meta":"","header-main-stick-meta":"","header-below-stick-meta":"","astra-migrate-meta-layouts":"set","ast-page-background-enabled":"default","ast-page-background-meta":{"desktop":{"background-color":"","background-image":"","background-repeat":"repeat","background-position":"center center","background-size":"auto","background-attachment":"scroll","background-type":"","background-media":"","overlay-type":"","overlay-color":"","overlay-opacity":"","overlay-gradient":""},"tablet":{"background-color":"","background-image":"","background-repeat":"repeat","background-position":"center center","background-size":"auto","background-attachment":"scroll","background-type":"","background-media":"","overlay-type":"","overlay-color":"","overlay-opacity":"","overlay-gradient":""},"mobile":{"background-color":"","background-image":"","background-repeat":"repeat","background-position":"center center","background-size":"auto","background-attachment":"scroll","background-type":"","background-media":"","overlay-type":"","overlay-color":"","overlay-opacity":"","overlay-gradient":""}},"ast-content-background-meta":{"desktop":{"background-color":"var(--ast-global-color-5)","background-image":"","background-repeat":"repeat","background-position":"center center","background-size":"auto","background-attachment":"scroll","background-type":"","background-media":"","overlay-type":"","overlay-color":"","overlay-opacity":"","overlay-gradient":""},"tablet":{"background-color":"var(--ast-global-color-5)","background-image":"","background-repeat":"repeat","background-position":"center center","background-size":"auto","background-attachment":"scroll","background-type":"","background-media":"","overlay-type":"","overlay-color":"","overlay-opacity":"","overlay-gradient":""},"mobile":{"background-color":"var(--ast-global-color-5)","background-image":"","background-repeat":"repeat","background-position":"center center","background-size":"auto","background-attachment":"scroll","background-type":"","background-media":"","overlay-type":"","overlay-color":"","overlay-opacity":"","overlay-gradient":""}}},"product_brand":[],"product_cat":[54],"product_tag":[],"class_list":{"0":"post-2103","1":"product","2":"type-product","3":"status-publish","4":"has-post-thumbnail","6":"product_cat-rotacioni-skalpeli","7":"desktop-align-left","8":"tablet-align-left","9":"mobile-align-left","11":"first","12":"instock","13":"shipping-taxable","14":"product-type-simple"},"uagb_featured_image_src":{"full":["https:\/\/www.olfa.mimacdoo.rs\/wp-content\/uploads\/2022\/12\/RTY-2_DX-1.jpg",640,640,false],"thumbnail":["https:\/\/www.olfa.mimacdoo.rs\/wp-content\/uploads\/2022\/12\/RTY-2_DX-1-150x150.jpg",150,150,true],"medium":["https:\/\/www.olfa.mimacdoo.rs\/wp-content\/uploads\/2022\/12\/RTY-2_DX-1-300x300.jpg",300,300,true],"medium_large":["https:\/\/www.olfa.mimacdoo.rs\/wp-content\/uploads\/2022\/12\/RTY-2_DX-1.jpg",640,640,false],"large":["https:\/\/www.olfa.mimacdoo.rs\/wp-content\/uploads\/2022\/12\/RTY-2_DX-1.jpg",640,640,false],"1536x1536":["https:\/\/www.olfa.mimacdoo.rs\/wp-content\/uploads\/2022\/12\/RTY-2_DX-1.jpg",640,640,false],"2048x2048":["https:\/\/www.olfa.mimacdoo.rs\/wp-content\/uploads\/2022\/12\/RTY-2_DX-1.jpg",640,640,false],"trp-custom-language-flag":["https:\/\/www.olfa.mimacdoo.rs\/wp-content\/uploads\/2022\/12\/RTY-2_DX-1-12x12.jpg",12,12,true],"woocommerce_thumbnail":["https:\/\/www.olfa.mimacdoo.rs\/wp-content\/uploads\/2022\/12\/RTY-2_DX-1-300x300.jpg",300,300,true],"woocommerce_single":["https:\/\/www.olfa.mimacdoo.rs\/wp-content\/uploads\/2022\/12\/RTY-2_DX-1-600x600.jpg",600,600,true],"woocommerce_gallery_thumbnail":["https:\/\/www.olfa.mimacdoo.rs\/wp-content\/uploads\/2022\/12\/RTY-2_DX-1-100x100.jpg",100,100,true]},"uagb_author_info":{"display_name":"mimacdoo","author_link":"https:\/\/www.olfa.mimacdoo.rs\/?author=0"},"uagb_comment_info":0,"uagb_excerpt":"\u2022 Premium rotacioni skalpel \u0161irine 45mm \u2022 Ergonomska dr\u0161ka protiv klizanja \u2022 Veoma laka zamena dotrajalog no\u017ei\u0107a \u2022 Dolazi sa visokokvalitetnim RB45 no\u017ei\u0107em \u2022 Bezbednosni sistem zaklju\u010davanja \u2022 Za levoruke i desnoruke \u2022 Made in Japan","_links":{"self":[{"href":"https:\/\/www.olfa.mimacdoo.rs\/index.php?rest_route=\/wp\/v2\/product\/2103","targetHints":{"allow":["GET"]}}],"collection":[{"href":"https:\/\/www.olfa.mimacdoo.rs\/index.php?rest_route=\/wp\/v2\/product"}],"about":[{"href":"https:\/\/www.olfa.mimacdoo.rs\/index.php?rest_route=\/wp\/v2\/types\/product"}],"wp:featuredmedia":[{"embeddable":true,"href":"https:\/\/www.olfa.mimacdoo.rs\/index.php?rest_route=\/wp\/v2\/media\/3468"}],"wp:attachment":[{"href":"https:\/\/www.olfa.mimacdoo.rs\/index.php?rest_route=%2Fwp%2Fv2%2Fmedia&parent=2103"}],"wp:term":[{"taxonomy":"product_brand","embeddable":true,"href":"https:\/\/www.olfa.mimacdoo.rs\/index.php?rest_route=%2Fwp%2Fv2%2Fproduct_brand&post=2103"},{"taxonomy":"product_cat","embeddable":true,"href":"https:\/\/www.olfa.mimacdoo.rs\/index.php?rest_route=%2Fwp%2Fv2%2Fproduct_cat&post=2103"},{"taxonomy":"product_tag","embeddable":true,"href":"https:\/\/www.olfa.mimacdoo.rs\/index.php?rest_route=%2Fwp%2Fv2%2Fproduct_tag&post=2103"}],"curies":[{"name":"wp","href":"https:\/\/api.w.org\/{rel}","templated":true}]}}