{"id":1787,"date":"2022-12-17T20:37:43","date_gmt":"2022-12-17T20:37:43","guid":{"rendered":"https:\/\/www.olfa.mimacdoo.rs\/?post_type=product&#038;p=1787"},"modified":"2024-10-29T13:05:39","modified_gmt":"2024-10-29T13:05:39","slug":"xsr-200-8-extra-heavy-duty-strugac","status":"publish","type":"product","link":"https:\/\/www.olfa.mimacdoo.rs\/?product=xsr-200-8-extra-heavy-duty-strugac","title":{"rendered":"XSR-200 STRUGA\u010c"},"content":{"rendered":"<p><strong>XSR-200<\/strong><\/p>\n<p>Izaberite ovaj izuzetno izdr\u017eljiv struga\u010d za svoje najzahtevnije poslove struganja. Napravljen od vrhunskih materijala, OLFA XSR-200 ujedinjuje snagu u kompaktnom okviru. Vrhunsko se\u010divo od japanskog ugljeni\u010dnog alatnog \u010delika ima dve ivice, o\u0161tru i tupu ivicu. Glava je otporna na udarce, \u0161to omogu\u0107ava da se kraj ru\u010dke udari \u010deki\u0107em (koristite tupu stranu no\u017ei\u0107a kada udarate \u010deki\u0107em). Neklizaju\u0107a gumena ru\u010dka omogu\u0107ava veliku stabilnost i udobnost pri rukovanju. Rupa za ka\u010denje u\u017eeta spre\u010dava gubljenje ili ne\u017eeljeni pad sa visine, \u0161to ga \u010dini pogodnim za radna okru\u017eenja koja zahtevaju strogu bezbednosnu kontrolu.<\/p>\n<p>Ovaj model se isporu\u010duje sa jednostrano nao\u0161trenim srebrnim no\u017ei\u0107em debljine 0.8mm. U pakovanju je uklju\u010den za\u0161titni poklopac se\u010diva za bezbedno odlaganje struga\u010da kada se ne koristi. Promena no\u017ei\u0107a je jednostavna i bez dodatnih alata, otpustite zavrtanj i zamenite no\u017ei\u0107 guranjem na dole deo na kom pi\u0161e \u201cPUSH\u201d na zadnjoj strani plo\u010de za dr\u017eanje no\u017ei\u0107a.<\/p>\n<p>Procedura zamene no\u017ei\u0107a je ista za sva 3 XSR struga\u010da. Struga\u010di iz ove serije pru\u017eaju vrhunsku snagu za najte\u017ee poslove uklanjanja: \u010di\u0161\u0107enje staklenih povr\u0161ina, skidanje folija, skidanje plo\u010dica i najtvrdokornijih materijala.<\/p>\n<p>Koristi rezervne no\u017ei\u0107e <a href=\"https:\/\/www.olfa.mimacdoo.rs\/?product=bs08-6b-nozici\">BS08<\/a>, <a href=\"https:\/\/www.olfa.mimacdoo.rs\/?product=bs-nozici\">BS<\/a>, <a href=\"https:\/\/www.olfa.mimacdoo.rs\/?product=bsf-nozici\">BSF<\/a> i <a href=\"https:\/\/www.olfa.mimacdoo.rs\/?product=lb-nozici\">LB<\/a> serije.<\/p>\n","protected":false},"excerpt":{"rendered":"<p>\u2022 Profesionalni struga\u010d iz XSR serije<br \/>\n\u2022 200 mm ekstra sna\u017ean struga\u010d<br \/>\n\u2022 Veoma laka zamena dotrajalog no\u017ei\u0107a<br \/>\n\u2022 Uklju\u010den za\u0161titni poklopac se\u010diva<br \/>\n\u2022 Za levoruke i desnoruke<br \/>\n\u2022 X dizajn<br \/>\n\u2022 <strong>Made in Japan<\/strong><\/p>\n","protected":false},"featured_media":3622,"template":"","meta":{"_uag_custom_page_level_css":"","site-sidebar-layout":"default","site-content-layout":"default","ast-site-content-layout":"default","site-content-style":"default","site-sidebar-style":"default","ast-global-header-display":"","ast-banner-title-visibility":"","ast-main-header-display":"","ast-hfb-above-header-display":"","ast-hfb-below-header-display":"","ast-hfb-mobile-header-display":"","site-post-title":"","ast-breadcrumbs-content":"","ast-featured-img":"","footer-sml-layout":"","theme-transparent-header-meta":"default","adv-header-id-meta":"","stick-header-meta":"","header-above-stick-meta":"","header-main-stick-meta":"","header-below-stick-meta":"","astra-migrate-meta-layouts":"set","ast-page-background-enabled":"default","ast-page-background-meta":{"desktop":{"background-color":"","background-image":"","background-repeat":"repeat","background-position":"center center","background-size":"auto","background-attachment":"scroll","background-type":"","background-media":"","overlay-type":"","overlay-color":"","overlay-opacity":"","overlay-gradient":""},"tablet":{"background-color":"","background-image":"","background-repeat":"repeat","background-position":"center center","background-size":"auto","background-attachment":"scroll","background-type":"","background-media":"","overlay-type":"","overlay-color":"","overlay-opacity":"","overlay-gradient":""},"mobile":{"background-color":"","background-image":"","background-repeat":"repeat","background-position":"center center","background-size":"auto","background-attachment":"scroll","background-type":"","background-media":"","overlay-type":"","overlay-color":"","overlay-opacity":"","overlay-gradient":""}},"ast-content-background-meta":{"desktop":{"background-color":"var(--ast-global-color-5)","background-image":"","background-repeat":"repeat","background-position":"center center","background-size":"auto","background-attachment":"scroll","background-type":"","background-media":"","overlay-type":"","overlay-color":"","overlay-opacity":"","overlay-gradient":""},"tablet":{"background-color":"var(--ast-global-color-5)","background-image":"","background-repeat":"repeat","background-position":"center center","background-size":"auto","background-attachment":"scroll","background-type":"","background-media":"","overlay-type":"","overlay-color":"","overlay-opacity":"","overlay-gradient":""},"mobile":{"background-color":"var(--ast-global-color-5)","background-image":"","background-repeat":"repeat","background-position":"center center","background-size":"auto","background-attachment":"scroll","background-type":"","background-media":"","overlay-type":"","overlay-color":"","overlay-opacity":"","overlay-gradient":""}}},"product_brand":[],"product_cat":[49],"product_tag":[],"class_list":{"0":"post-1787","1":"product","2":"type-product","3":"status-publish","4":"has-post-thumbnail","6":"product_cat-strugaci","7":"desktop-align-left","8":"tablet-align-left","9":"mobile-align-left","11":"first","12":"instock","13":"shipping-taxable","14":"product-type-simple"},"uagb_featured_image_src":{"full":["https:\/\/www.olfa.mimacdoo.rs\/wp-content\/uploads\/2022\/12\/XSR-200.jpg",640,640,false],"thumbnail":["https:\/\/www.olfa.mimacdoo.rs\/wp-content\/uploads\/2022\/12\/XSR-200-150x150.jpg",150,150,true],"medium":["https:\/\/www.olfa.mimacdoo.rs\/wp-content\/uploads\/2022\/12\/XSR-200-300x300.jpg",300,300,true],"medium_large":["https:\/\/www.olfa.mimacdoo.rs\/wp-content\/uploads\/2022\/12\/XSR-200.jpg",640,640,false],"large":["https:\/\/www.olfa.mimacdoo.rs\/wp-content\/uploads\/2022\/12\/XSR-200.jpg",640,640,false],"1536x1536":["https:\/\/www.olfa.mimacdoo.rs\/wp-content\/uploads\/2022\/12\/XSR-200.jpg",640,640,false],"2048x2048":["https:\/\/www.olfa.mimacdoo.rs\/wp-content\/uploads\/2022\/12\/XSR-200.jpg",640,640,false],"trp-custom-language-flag":["https:\/\/www.olfa.mimacdoo.rs\/wp-content\/uploads\/2022\/12\/XSR-200-12x12.jpg",12,12,true],"woocommerce_thumbnail":["https:\/\/www.olfa.mimacdoo.rs\/wp-content\/uploads\/2022\/12\/XSR-200-300x300.jpg",300,300,true],"woocommerce_single":["https:\/\/www.olfa.mimacdoo.rs\/wp-content\/uploads\/2022\/12\/XSR-200-600x600.jpg",600,600,true],"woocommerce_gallery_thumbnail":["https:\/\/www.olfa.mimacdoo.rs\/wp-content\/uploads\/2022\/12\/XSR-200-100x100.jpg",100,100,true]},"uagb_author_info":{"display_name":"mimacdoo","author_link":"https:\/\/www.olfa.mimacdoo.rs\/?author=0"},"uagb_comment_info":0,"uagb_excerpt":"\u2022 Profesionalni struga\u010d iz XSR serije \u2022 200 mm ekstra sna\u017ean struga\u010d \u2022 Veoma laka zamena dotrajalog no\u017ei\u0107a \u2022 Uklju\u010den za\u0161titni poklopac se\u010diva \u2022 Za levoruke i desnoruke \u2022 X dizajn \u2022 Made in Japan","_links":{"self":[{"href":"https:\/\/www.olfa.mimacdoo.rs\/index.php?rest_route=\/wp\/v2\/product\/1787","targetHints":{"allow":["GET"]}}],"collection":[{"href":"https:\/\/www.olfa.mimacdoo.rs\/index.php?rest_route=\/wp\/v2\/product"}],"about":[{"href":"https:\/\/www.olfa.mimacdoo.rs\/index.php?rest_route=\/wp\/v2\/types\/product"}],"wp:featuredmedia":[{"embeddable":true,"href":"https:\/\/www.olfa.mimacdoo.rs\/index.php?rest_route=\/wp\/v2\/media\/3622"}],"wp:attachment":[{"href":"https:\/\/www.olfa.mimacdoo.rs\/index.php?rest_route=%2Fwp%2Fv2%2Fmedia&parent=1787"}],"wp:term":[{"taxonomy":"product_brand","embeddable":true,"href":"https:\/\/www.olfa.mimacdoo.rs\/index.php?rest_route=%2Fwp%2Fv2%2Fproduct_brand&post=1787"},{"taxonomy":"product_cat","embeddable":true,"href":"https:\/\/www.olfa.mimacdoo.rs\/index.php?rest_route=%2Fwp%2Fv2%2Fproduct_cat&post=1787"},{"taxonomy":"product_tag","embeddable":true,"href":"https:\/\/www.olfa.mimacdoo.rs\/index.php?rest_route=%2Fwp%2Fv2%2Fproduct_tag&post=1787"}],"curies":[{"name":"wp","href":"https:\/\/api.w.org\/{rel}","templated":true}]}}