{"id":2766,"date":"2023-01-28T16:49:20","date_gmt":"2023-01-28T16:49:20","guid":{"rendered":"https:\/\/www.olfa.mimacdoo.rs\/?page_id=2766"},"modified":"2023-07-04T11:42:33","modified_gmt":"2023-07-04T11:42:33","slug":"o-kompaniji-olfa","status":"publish","type":"page","link":"https:\/\/www.olfa.mimacdoo.rs\/?page_id=2766","title":{"rendered":"O kompaniji OLFA"},"content":{"rendered":"\t\t<div data-elementor-type=\"wp-page\" data-elementor-id=\"2766\" class=\"elementor elementor-2766\">\n\t\t\t\t\t\t<section class=\"elementor-section elementor-top-section elementor-element elementor-element-13439229 elementor-section-boxed elementor-section-height-default elementor-section-height-default\" data-id=\"13439229\" data-element_type=\"section\" data-e-type=\"section\">\n\t\t\t\t\t\t<div class=\"elementor-container elementor-column-gap-default\">\n\t\t\t\t\t<div class=\"elementor-column elementor-col-100 elementor-top-column elementor-element elementor-element-6b10a6ee\" data-id=\"6b10a6ee\" data-element_type=\"column\" data-e-type=\"column\">\n\t\t\t<div class=\"elementor-widget-wrap elementor-element-populated\">\n\t\t\t\t\t\t<div class=\"elementor-element elementor-element-3f5a1fe2 elementor-widget elementor-widget-text-editor\" data-id=\"3f5a1fe2\" data-element_type=\"widget\" data-e-type=\"widget\" data-widget_type=\"text-editor.default\">\n\t\t\t\t<div class=\"elementor-widget-container\">\n\t\t\t\t\t\t\t\t\t\n<div style=\"display: flex;\">\n<div style=\"flex: 1; padding: 20px;\">\n<h3>NASTANAK OLFA SKALPELA<\/h3>\n<p>Godine 1956. Mr. Okada, osniva\u010d OLFA CORPORATION, izumeo je prvi na svetu skalpel sa no\u017ei\u0107em koji ima segmente za lomljenje. Inspiracija za ovu neverovatnu ideju do\u0161la je lomljenjem table \u010dokolade na kocke, kao i analiziraju\u0107i komadi\u0107e razbijenog stakla. Ovaj jedinstveni pronalazak je postao svetski najprodavaniji i od tada je pojam za OLFA skalpel.<\/p>\n<p>Yoshio Okada je takodje izumeo prvi rotacioni skalpel na svetu. Taj izum je napravio revoluciju u na\u010dinu na koji ljudi seku tkaninu i materijale, tako \u0161to su se prebacili sa upotrebe makaza na rotacione skalpele. OLFA rotacione skalpele danas koriste kroja\u010di \u0161irom sveta. Naziv \u201cOLFA\u201d poti\u010de od dve japanske re\u010di, koje u prevodu zna\u010de \u201cslomiti se\u010divo\u201d. OLFA logo paralelograma je preuzet iz oblika no\u017ei\u0107a koji se lomi.<\/p>\n<\/div>\n<div style=\"flex: 1; padding: 20px;\"><br \/><br \/><br \/><br \/><br \/><img src=\"https:\/\/www.olfa.mimacdoo.rs\/wp-content\/uploads\/2023\/01\/Picture1-e1674922536990.jpg\" alt=\"An image\" \/><br \/><br \/><br \/><br \/><img src=\"https:\/\/www.olfa.mimacdoo.rs\/wp-content\/uploads\/2023\/01\/Picture2.jpg\" alt=\"An image\" \/><br \/><br \/><br \/><br \/><img src=\"https:\/\/www.olfa.mimacdoo.rs\/wp-content\/uploads\/2023\/01\/Picture3-1.jpg\" alt=\"An image\" \/><\/div>\n<\/div>\n\n<div style=\"display: flex;\">\n<div style=\"flex: 1; padding: 20px;\">\n<h4>U POTPUNOSTI PROIZVEDENO U JAPANU<\/h4>\n<p>Po\u0161to je kvalitet najva\u017eniji, OLFA dizajnira, razvija i proizvodi svoje proizvode islju\u010divo u Japanu.<\/p>\n<p>Otkako je Yoshio Okada, osniva\u010d OLFA CORPORATION, izumeo prvi svetski skalpel sa se\u010divom koje se lomi 1956. godine, OLFA je posve\u0107ena razvoju prakti\u010dnih i bezbednih ru\u010dnih reznih alata. Se\u010diva brenda OLFA su napravljena od materijala vrhunskog kvaliteta, iskovane tehnologijama koje poti\u010du iz tradicionalne izrade ma\u010deva, nao\u0161trene tehnologijom koja daje izdr\u017eljivost se\u010divu i na kraju zavr\u0161na ve\u0161tina izrade sa velikim ume\u0107em koja sve ovo spaja.<\/p>\n<p>Ergonomske ru\u010dke omogu\u0107avaju korisnicima da dobiju pune performanse se\u010denja ovih visokokvalitetnih se\u010diva koja su dizajnirana, razvijena i proizvedena u Japanu i podvrugnuta su strogim proverama kvaliteta tokom celog procesa. OLFA je ponosna na nepokolebljiv kvalitet koji ulazi u svaki model koji proizvode.<\/p>\n<\/div>\n<div style=\"flex: 1; padding: 20px;\"><br \/><br \/><br \/><br \/><br \/><br \/><br \/><br \/><br \/><br \/><br \/><img src=\"https:\/\/www.olfa.mimacdoo.rs\/wp-content\/uploads\/2023\/01\/Picture4.jpg\" alt=\"An image\" \/><\/div>\n<\/div>\n\n<div style=\"display: flex;\">\n<div style=\"flex: 1; padding: 20px;\">\n<h4>ALATI KOJI POBOLJ\u0160AVAJU NA\u010cIN NA KOJI LJUDI SEKU MATERIJALE<\/h4>\n<p>Skalpel sa segmentima za lomljenje je zami\u0161ljen kao ekonomi\u010dan, bezbedan i efikasan skalpel koji bi korisnicima uvek davao o\u0161tru ivicu se\u010diva za rad tako \u0161to bi odlomili istupljen i stari segment no\u017ei\u0107a.<\/p>\n<p>Na\u010din na koji ljudi seku materijale je time do\u017eiveo potpunu revoluciju i u zna\u010dajnoj meri se pobolj\u0161ala radna efikasnost. Ugao i du\u017eina ovih no\u017ei\u0107a su na kraju postali defakto svetski standardi. Danas se skalpeli se no\u017ei\u0107ima koji imaju segmente za lomljenje koriste \u0161irom sveta.<\/p>\n<p>Od tada OLFA razvija proizvode koji ne samo da posti\u017eu neverovatan nivo o\u0161trine, ve\u0107 su i prakti\u010dni za upotrebu sa stanovi\u0161ta korisnika. Ovo uklju\u010duje alate profesionalne klase koji se koriste u raznim industrijama, na gradili\u0161tima, u magacinima prilikom otpakivanja i otpreme robe, raznim grafi\u010dkim i kancelarijskim poslovima, kao i alate koji se koriste u umetni\u010dkom svetu za krojenje, modeliranje, razne art i hobi poslove kao i uradi sam projekte.<\/p>\n<p>OLFA proizodi \u0161irok spektar proizvoda koji se koriste na razli\u010dite na\u010dine i koji su veoma jednostavni za kori\u0161\u0107enje. Na kraju krajeva, svaki OLFA proizvod je rezultat ponovnog dizajna i prototipa, kao i pa\u017enje posve\u0107ene detaljima.<\/p>\n<\/div>\n<div style=\"flex: 1; padding: 20px;\"><br \/><br \/><br \/><br \/><br \/><br \/><br \/><br \/><br \/><img src=\"https:\/\/www.olfa.mimacdoo.rs\/wp-content\/uploads\/2023\/01\/Picture5.jpg\" alt=\"An image\" \/><\/div>\n<\/div>\n\t\t\t\t\t\t\t\t<\/div>\n\t\t\t\t<\/div>\n\t\t\t\t\t<\/div>\n\t\t<\/div>\n\t\t\t\t\t<\/div>\n\t\t<\/section>\n\t\t\t\t<\/div>\n\t\t","protected":false},"excerpt":{"rendered":"<p>NASTANAK OLFA SKALPELA Godine 1956. Mr. Okada, osniva\u010d OLFA CORPORATION, izumeo je prvi na svetu skalpel sa no\u017ei\u0107em koji ima segmente za lomljenje. Inspiracija za ovu neverovatnu ideju do\u0161la je lomljenjem table \u010dokolade na kocke, kao i analiziraju\u0107i komadi\u0107e razbijenog stakla. Ovaj jedinstveni pronalazak je postao svetski najprodavaniji i od tada je pojam za OLFA [&hellip;]<\/p>\n","protected":false},"author":2,"featured_media":0,"parent":0,"menu_order":0,"comment_status":"closed","ping_status":"closed","template":"","meta":{"_uag_custom_page_level_css":"","site-sidebar-layout":"default","site-content-layout":"","ast-site-content-layout":"","site-content-style":"default","site-sidebar-style":"default","ast-global-header-display":"","ast-banner-title-visibility":"","ast-main-header-display":"","ast-hfb-above-header-display":"","ast-hfb-below-header-display":"","ast-hfb-mobile-header-display":"","site-post-title":"disabled","ast-breadcrumbs-content":"","ast-featured-img":"","footer-sml-layout":"","theme-transparent-header-meta":"","adv-header-id-meta":"","stick-header-meta":"","header-above-stick-meta":"","header-main-stick-meta":"","header-below-stick-meta":"","astra-migrate-meta-layouts":"default","ast-page-background-enabled":"default","ast-page-background-meta":{"desktop":{"background-color":"","background-image":"","background-repeat":"repeat","background-position":"center center","background-size":"auto","background-attachment":"scroll","background-type":"","background-media":"","overlay-type":"","overlay-color":"","overlay-opacity":"","overlay-gradient":""},"tablet":{"background-color":"","background-image":"","background-repeat":"repeat","background-position":"center center","background-size":"auto","background-attachment":"scroll","background-type":"","background-media":"","overlay-type":"","overlay-color":"","overlay-opacity":"","overlay-gradient":""},"mobile":{"background-color":"","background-image":"","background-repeat":"repeat","background-position":"center center","background-size":"auto","background-attachment":"scroll","background-type":"","background-media":"","overlay-type":"","overlay-color":"","overlay-opacity":"","overlay-gradient":""}},"ast-content-background-meta":{"desktop":{"background-color":"var(--ast-global-color-5)","background-image":"","background-repeat":"repeat","background-position":"center center","background-size":"auto","background-attachment":"scroll","background-type":"","background-media":"","overlay-type":"","overlay-color":"","overlay-opacity":"","overlay-gradient":""},"tablet":{"background-color":"var(--ast-global-color-5)","background-image":"","background-repeat":"repeat","background-position":"center center","background-size":"auto","background-attachment":"scroll","background-type":"","background-media":"","overlay-type":"","overlay-color":"","overlay-opacity":"","overlay-gradient":""},"mobile":{"background-color":"var(--ast-global-color-5)","background-image":"","background-repeat":"repeat","background-position":"center center","background-size":"auto","background-attachment":"scroll","background-type":"","background-media":"","overlay-type":"","overlay-color":"","overlay-opacity":"","overlay-gradient":""}},"footnotes":""},"class_list":["post-2766","page","type-page","status-publish","hentry"],"uagb_featured_image_src":{"full":false,"thumbnail":false,"medium":false,"medium_large":false,"large":false,"1536x1536":false,"2048x2048":false,"trp-custom-language-flag":false,"woocommerce_thumbnail":false,"woocommerce_single":false,"woocommerce_gallery_thumbnail":false},"uagb_author_info":{"display_name":"admin admin","author_link":"https:\/\/www.olfa.mimacdoo.rs\/?author=2"},"uagb_comment_info":0,"uagb_excerpt":"NASTANAK OLFA SKALPELA Godine 1956. Mr. Okada, osniva\u010d OLFA CORPORATION, izumeo je prvi na svetu skalpel sa no\u017ei\u0107em koji ima segmente za lomljenje. Inspiracija za ovu neverovatnu ideju do\u0161la je lomljenjem table \u010dokolade na kocke, kao i analiziraju\u0107i komadi\u0107e razbijenog stakla. Ovaj jedinstveni pronalazak je postao svetski najprodavaniji i od tada je pojam za OLFA&hellip;","_links":{"self":[{"href":"https:\/\/www.olfa.mimacdoo.rs\/index.php?rest_route=\/wp\/v2\/pages\/2766","targetHints":{"allow":["GET"]}}],"collection":[{"href":"https:\/\/www.olfa.mimacdoo.rs\/index.php?rest_route=\/wp\/v2\/pages"}],"about":[{"href":"https:\/\/www.olfa.mimacdoo.rs\/index.php?rest_route=\/wp\/v2\/types\/page"}],"author":[{"embeddable":true,"href":"https:\/\/www.olfa.mimacdoo.rs\/index.php?rest_route=\/wp\/v2\/users\/2"}],"replies":[{"embeddable":true,"href":"https:\/\/www.olfa.mimacdoo.rs\/index.php?rest_route=%2Fwp%2Fv2%2Fcomments&post=2766"}],"version-history":[{"count":26,"href":"https:\/\/www.olfa.mimacdoo.rs\/index.php?rest_route=\/wp\/v2\/pages\/2766\/revisions"}],"predecessor-version":[{"id":3959,"href":"https:\/\/www.olfa.mimacdoo.rs\/index.php?rest_route=\/wp\/v2\/pages\/2766\/revisions\/3959"}],"wp:attachment":[{"href":"https:\/\/www.olfa.mimacdoo.rs\/index.php?rest_route=%2Fwp%2Fv2%2Fmedia&parent=2766"}],"curies":[{"name":"wp","href":"https:\/\/api.w.org\/{rel}","templated":true}]}}