{"id":13,"date":"2021-03-17T08:48:08","date_gmt":"2021-03-17T08:48:08","guid":{"rendered":"https:\/\/www.olfa.mimacdoo.rs\/?page_id=13"},"modified":"2025-06-03T12:25:13","modified_gmt":"2025-06-03T12:25:13","slug":"o-nama","status":"publish","type":"page","link":"https:\/\/www.olfa.mimacdoo.rs\/","title":{"rendered":"O nama"},"content":{"rendered":"\t\t<div data-elementor-type=\"wp-page\" data-elementor-id=\"13\" class=\"elementor elementor-13\">\n\t\t\t\t\t\t<section class=\"elementor-section elementor-top-section elementor-element elementor-element-619d5f1 elementor-section-height-min-height elementor-section-boxed elementor-section-height-default elementor-section-items-middle\" data-id=\"619d5f1\" data-element_type=\"section\" data-e-type=\"section\" data-settings=\"{&quot;background_background&quot;:&quot;slideshow&quot;,&quot;background_slideshow_gallery&quot;:[{&quot;id&quot;:4235,&quot;url&quot;:&quot;https:\\\/\\\/www.olfa.mimacdoo.rs\\\/wp-content\\\/uploads\\\/2025\\\/01\\\/GRY-series.jpg&quot;},{&quot;id&quot;:2700,&quot;url&quot;:&quot;https:\\\/\\\/www.olfa.mimacdoo.rs\\\/wp-content\\\/uploads\\\/2023\\\/01\\\/4.jpg&quot;},{&quot;id&quot;:4310,&quot;url&quot;:&quot;https:\\\/\\\/www.olfa.mimacdoo.rs\\\/wp-content\\\/uploads\\\/2025\\\/06\\\/WhatsApp-Image-2025-06-03-at-14.07.47.jpeg&quot;},{&quot;id&quot;:2728,&quot;url&quot;:&quot;https:\\\/\\\/www.olfa.mimacdoo.rs\\\/wp-content\\\/uploads\\\/2023\\\/01\\\/1.2-2.jpg&quot;},{&quot;id&quot;:1259,&quot;url&quot;:&quot;https:\\\/\\\/www.olfa.mimacdoo.rs\\\/wp-content\\\/uploads\\\/2022\\\/12\\\/OLFA_PRO_SK16_lifestyle_7_resized_1080x.webp&quot;}],&quot;background_slideshow_slide_duration&quot;:2500,&quot;background_slideshow_loop&quot;:&quot;yes&quot;,&quot;background_slideshow_slide_transition&quot;:&quot;fade&quot;,&quot;background_slideshow_transition_duration&quot;:500}\">\n\t\t\t\t\t\t\t<div class=\"elementor-background-overlay\"><\/div>\n\t\t\t\t\t\t\t<div class=\"elementor-container elementor-column-gap-no\">\n\t\t\t\t\t<div class=\"elementor-column elementor-col-100 elementor-top-column elementor-element elementor-element-02fa7af\" data-id=\"02fa7af\" data-element_type=\"column\" data-e-type=\"column\">\n\t\t\t<div class=\"elementor-widget-wrap elementor-element-populated\">\n\t\t\t\t\t\t<div class=\"elementor-element elementor-element-7e55549 elementor-widget elementor-widget-heading\" data-id=\"7e55549\" data-element_type=\"widget\" data-e-type=\"widget\" data-widget_type=\"heading.default\">\n\t\t\t\t<div class=\"elementor-widget-container\">\n\t\t\t\t\t<h4 class=\"elementor-heading-title elementor-size-default\">GENERALNI UVOZNIK I DISTRIBUTER<\/h4>\t\t\t\t<\/div>\n\t\t\t\t<\/div>\n\t\t\t\t<div class=\"elementor-element elementor-element-d5d3fd2 elementor-widget elementor-widget-heading\" data-id=\"d5d3fd2\" data-element_type=\"widget\" data-e-type=\"widget\" data-widget_type=\"heading.default\">\n\t\t\t\t<div class=\"elementor-widget-container\">\n\t\t\t\t\t<h1 class=\"elementor-heading-title elementor-size-default\">OLFA KORPORACIJE<\/h1>\t\t\t\t<\/div>\n\t\t\t\t<\/div>\n\t\t\t\t<div class=\"elementor-element elementor-element-919edcc elementor-icon-list--layout-traditional elementor-list-item-link-full_width elementor-widget elementor-widget-icon-list\" data-id=\"919edcc\" data-element_type=\"widget\" data-e-type=\"widget\" data-widget_type=\"icon-list.default\">\n\t\t\t\t<div class=\"elementor-widget-container\">\n\t\t\t\t\t\t\t<ul class=\"elementor-icon-list-items\">\n\t\t\t\t\t\t\t<li class=\"elementor-icon-list-item\">\n\t\t\t\t\t\t\t\t\t\t\t<span class=\"elementor-icon-list-icon\">\n\t\t\t\t\t\t\t<i aria-hidden=\"true\" class=\"fas fa-bullseye\"><\/i>\t\t\t\t\t\t<\/span>\n\t\t\t\t\t\t\t\t\t\t<span class=\"elementor-icon-list-text\">Svi OLFA modeli se proizvode isklju\u010divo u Japanu<\/span>\n\t\t\t\t\t\t\t\t\t<\/li>\n\t\t\t\t\t\t\t\t<li class=\"elementor-icon-list-item\">\n\t\t\t\t\t\t\t\t\t\t\t<span class=\"elementor-icon-list-icon\">\n\t\t\t\t\t\t\t<i aria-hidden=\"true\" class=\"fas fa-bullseye\"><\/i>\t\t\t\t\t\t<\/span>\n\t\t\t\t\t\t\t\t\t\t<span class=\"elementor-icon-list-text\">Dugotrajnost i izdr\u017eljivost se\u010diva<\/span>\n\t\t\t\t\t\t\t\t\t<\/li>\n\t\t\t\t\t\t\t\t<li class=\"elementor-icon-list-item\">\n\t\t\t\t\t\t\t\t\t\t\t<span class=\"elementor-icon-list-icon\">\n\t\t\t\t\t\t\t<i aria-hidden=\"true\" class=\"fas fa-bullseye\"><\/i>\t\t\t\t\t\t<\/span>\n\t\t\t\t\t\t\t\t\t\t<span class=\"elementor-icon-list-text\">Vrhunski kvalitet<\/span>\n\t\t\t\t\t\t\t\t\t<\/li>\n\t\t\t\t\t\t<\/ul>\n\t\t\t\t\t\t<\/div>\n\t\t\t\t<\/div>\n\t\t\t\t<div class=\"elementor-element elementor-element-df3db08 elementor-widget__width-initial elementor-widget-mobile__width-initial elementor-widget elementor-widget-button\" data-id=\"df3db08\" data-element_type=\"widget\" data-e-type=\"widget\" data-widget_type=\"button.default\">\n\t\t\t\t<div class=\"elementor-widget-container\">\n\t\t\t\t\t\t\t\t\t<div class=\"elementor-button-wrapper\">\n\t\t\t\t\t<a class=\"elementor-button elementor-button-link elementor-size-sm\" href=\"https:\/\/www.olfa.mimacdoo.rs\/?page_id=1444\">\n\t\t\t\t\t\t<span class=\"elementor-button-content-wrapper\">\n\t\t\t\t\t\t\t\t\t<span class=\"elementor-button-text\">Proizvodi<\/span>\n\t\t\t\t\t<\/span>\n\t\t\t\t\t<\/a>\n\t\t\t\t<\/div>\n\t\t\t\t\t\t\t\t<\/div>\n\t\t\t\t<\/div>\n\t\t\t\t<div class=\"elementor-element elementor-element-e8a56d1 elementor-widget elementor-widget-spacer\" data-id=\"e8a56d1\" data-element_type=\"widget\" data-e-type=\"widget\" data-widget_type=\"spacer.default\">\n\t\t\t\t<div class=\"elementor-widget-container\">\n\t\t\t\t\t\t\t<div class=\"elementor-spacer\">\n\t\t\t<div class=\"elementor-spacer-inner\"><\/div>\n\t\t<\/div>\n\t\t\t\t\t\t<\/div>\n\t\t\t\t<\/div>\n\t\t\t\t\t<\/div>\n\t\t<\/div>\n\t\t\t\t\t<\/div>\n\t\t<\/section>\n\t\t\t\t<section class=\"elementor-section elementor-top-section elementor-element elementor-element-c43a69e elementor-section-boxed elementor-section-height-default elementor-section-height-default\" data-id=\"c43a69e\" data-element_type=\"section\" data-e-type=\"section\" data-settings=\"{&quot;background_background&quot;:&quot;classic&quot;}\">\n\t\t\t\t\t\t<div class=\"elementor-container elementor-column-gap-default\">\n\t\t\t\t\t<div class=\"elementor-column elementor-col-100 elementor-top-column elementor-element elementor-element-86f7471\" data-id=\"86f7471\" data-element_type=\"column\" data-e-type=\"column\">\n\t\t\t<div class=\"elementor-widget-wrap elementor-element-populated\">\n\t\t\t\t\t\t<div class=\"elementor-element elementor-element-40328d2 elementor-invisible elementor-widget elementor-widget-heading\" data-id=\"40328d2\" data-element_type=\"widget\" data-e-type=\"widget\" data-settings=\"{&quot;_animation&quot;:&quot;fadeIn&quot;}\" data-widget_type=\"heading.default\">\n\t\t\t\t<div class=\"elementor-widget-container\">\n\t\t\t\t\t<h2 class=\"elementor-heading-title elementor-size-default\">NOVI PROIZVODI<\/h2>\t\t\t\t<\/div>\n\t\t\t\t<\/div>\n\t\t\t\t<div class=\"elementor-element elementor-element-adeae7c elementor-invisible elementor-widget elementor-widget-shortcode\" data-id=\"adeae7c\" data-element_type=\"widget\" data-e-type=\"widget\" data-settings=\"{&quot;_animation&quot;:&quot;fadeIn&quot;}\" data-widget_type=\"shortcode.default\">\n\t\t\t\t<div class=\"elementor-widget-container\">\n\t\t\t\t\t\t\t<div class=\"elementor-shortcode\"><div class=\"woocommerce columns-4 \"><ul class=\"products columns-4\">\n<li class=\"desktop-align-left tablet-align-left mobile-align-left product type-product post-4168 status-publish first instock product_cat-kutije-za-odlaganje-nozica has-post-thumbnail shipping-taxable product-type-simple\">\n\t<a href=\"https:\/\/www.olfa.mimacdoo.rs\/?product=dc-7-kutija\" class=\"woocommerce-LoopProduct-link woocommerce-loop-product__link\"><img fetchpriority=\"high\" width=\"300\" height=\"300\" src=\"https:\/\/www.olfa.mimacdoo.rs\/wp-content\/uploads\/2024\/12\/DC-7-300x300.jpg\" class=\"attachment-woocommerce_thumbnail size-woocommerce_thumbnail\" alt=\"DC-7 KUTIJA\" srcset=\"https:\/\/www.olfa.mimacdoo.rs\/wp-content\/uploads\/2024\/12\/DC-7-300x300.jpg 300w, https:\/\/www.olfa.mimacdoo.rs\/wp-content\/uploads\/2024\/12\/DC-7-150x150.jpg 150w, https:\/\/www.olfa.mimacdoo.rs\/wp-content\/uploads\/2024\/12\/DC-7-12x12.jpg 12w, https:\/\/www.olfa.mimacdoo.rs\/wp-content\/uploads\/2024\/12\/DC-7-600x600.jpg 600w, https:\/\/www.olfa.mimacdoo.rs\/wp-content\/uploads\/2024\/12\/DC-7-100x100.jpg 100w, https:\/\/www.olfa.mimacdoo.rs\/wp-content\/uploads\/2024\/12\/DC-7.jpg 640w\" sizes=\"(max-width: 300px) 100vw, 300px\" \/><h2 class=\"woocommerce-loop-product__title\">DC-7 KUTIJA<\/h2>\n<\/a><a href=\"https:\/\/www.olfa.mimacdoo.rs\/?product=dc-7-kutija\" aria-describedby=\"woocommerce_loop_add_to_cart_link_describedby_4168\" data-quantity=\"1\" class=\"button product_type_simple\" data-product_id=\"4168\" data-product_sku=\"\" aria-label=\"Read more about &ldquo;DC-7 KUTIJA&rdquo;\" rel=\"nofollow\" data-success_message=\"\">Read more<\/a>\t<span id=\"woocommerce_loop_add_to_cart_link_describedby_4168\" class=\"screen-reader-text\">\n\t\t\t<\/span>\n<\/li>\n<li class=\"desktop-align-left tablet-align-left mobile-align-left product type-product post-4185 status-publish instock product_cat-18mm has-post-thumbnail shipping-taxable product-type-simple\">\n\t<a href=\"https:\/\/www.olfa.mimacdoo.rs\/?product=kh-1-l5-al-set\" class=\"woocommerce-LoopProduct-link woocommerce-loop-product__link\"><img width=\"300\" height=\"300\" src=\"https:\/\/www.olfa.mimacdoo.rs\/wp-content\/uploads\/2024\/12\/KH-1_L5-AL-300x300.jpg\" class=\"attachment-woocommerce_thumbnail size-woocommerce_thumbnail\" alt=\"KH-1\/L5-AL SET\" srcset=\"https:\/\/www.olfa.mimacdoo.rs\/wp-content\/uploads\/2024\/12\/KH-1_L5-AL-300x300.jpg 300w, https:\/\/www.olfa.mimacdoo.rs\/wp-content\/uploads\/2024\/12\/KH-1_L5-AL-150x150.jpg 150w, https:\/\/www.olfa.mimacdoo.rs\/wp-content\/uploads\/2024\/12\/KH-1_L5-AL-12x12.jpg 12w, https:\/\/www.olfa.mimacdoo.rs\/wp-content\/uploads\/2024\/12\/KH-1_L5-AL-600x600.jpg 600w, https:\/\/www.olfa.mimacdoo.rs\/wp-content\/uploads\/2024\/12\/KH-1_L5-AL-100x100.jpg 100w, https:\/\/www.olfa.mimacdoo.rs\/wp-content\/uploads\/2024\/12\/KH-1_L5-AL.jpg 640w\" sizes=\"(max-width: 300px) 100vw, 300px\" \/><h2 class=\"woocommerce-loop-product__title\">KH-1\/L5-AL SET<\/h2>\n<\/a><a href=\"https:\/\/www.olfa.mimacdoo.rs\/?product=kh-1-l5-al-set\" aria-describedby=\"woocommerce_loop_add_to_cart_link_describedby_4185\" data-quantity=\"1\" class=\"button product_type_simple\" data-product_id=\"4185\" data-product_sku=\"KH-1\/L5-AL\" aria-label=\"Read more about &ldquo;KH-1\/L5-AL SET&rdquo;\" rel=\"nofollow\" data-success_message=\"\">Read more<\/a>\t<span id=\"woocommerce_loop_add_to_cart_link_describedby_4185\" class=\"screen-reader-text\">\n\t\t\t<\/span>\n<\/li>\n<li class=\"desktop-align-left tablet-align-left mobile-align-left product type-product post-4121 status-publish instock product_cat-18mm has-post-thumbnail shipping-taxable product-type-simple\">\n\t<a href=\"https:\/\/www.olfa.mimacdoo.rs\/?product=wd-al-brn\" class=\"woocommerce-LoopProduct-link woocommerce-loop-product__link\"><img width=\"300\" height=\"300\" src=\"https:\/\/www.olfa.mimacdoo.rs\/wp-content\/uploads\/2024\/05\/WD-AL_BRN-300x300.jpg\" class=\"attachment-woocommerce_thumbnail size-woocommerce_thumbnail\" alt=\"WD-AL\/BRN SKALPEL\" srcset=\"https:\/\/www.olfa.mimacdoo.rs\/wp-content\/uploads\/2024\/05\/WD-AL_BRN-300x300.jpg 300w, https:\/\/www.olfa.mimacdoo.rs\/wp-content\/uploads\/2024\/05\/WD-AL_BRN-150x150.jpg 150w, https:\/\/www.olfa.mimacdoo.rs\/wp-content\/uploads\/2024\/05\/WD-AL_BRN-12x12.jpg 12w, https:\/\/www.olfa.mimacdoo.rs\/wp-content\/uploads\/2024\/05\/WD-AL_BRN-600x600.jpg 600w, https:\/\/www.olfa.mimacdoo.rs\/wp-content\/uploads\/2024\/05\/WD-AL_BRN-100x100.jpg 100w, https:\/\/www.olfa.mimacdoo.rs\/wp-content\/uploads\/2024\/05\/WD-AL_BRN.jpg 640w\" sizes=\"(max-width: 300px) 100vw, 300px\" \/><h2 class=\"woocommerce-loop-product__title\">WD-AL\/BRN SKALPEL<\/h2>\n<\/a><a href=\"https:\/\/www.olfa.mimacdoo.rs\/?product=wd-al-brn\" aria-describedby=\"woocommerce_loop_add_to_cart_link_describedby_4121\" data-quantity=\"1\" class=\"button product_type_simple\" data-product_id=\"4121\" data-product_sku=\"WD-AL\/BRN\" aria-label=\"Read more about &ldquo;WD-AL\/BRN SKALPEL&rdquo;\" rel=\"nofollow\" data-success_message=\"\">Read more<\/a>\t<span id=\"woocommerce_loop_add_to_cart_link_describedby_4121\" class=\"screen-reader-text\">\n\t\t\t<\/span>\n<\/li>\n<li class=\"desktop-align-left tablet-align-left mobile-align-left product type-product post-4129 status-publish last instock product_cat-18mm has-post-thumbnail shipping-taxable product-type-simple\">\n\t<a href=\"https:\/\/www.olfa.mimacdoo.rs\/?product=wd-l-brn\" class=\"woocommerce-LoopProduct-link woocommerce-loop-product__link\"><img loading=\"lazy\" width=\"300\" height=\"300\" src=\"https:\/\/www.olfa.mimacdoo.rs\/wp-content\/uploads\/2024\/05\/WD-L_BRN-300x300.jpg\" class=\"attachment-woocommerce_thumbnail size-woocommerce_thumbnail\" alt=\"WD-L\/BRN SKALPEL\" srcset=\"https:\/\/www.olfa.mimacdoo.rs\/wp-content\/uploads\/2024\/05\/WD-L_BRN-300x300.jpg 300w, https:\/\/www.olfa.mimacdoo.rs\/wp-content\/uploads\/2024\/05\/WD-L_BRN-150x150.jpg 150w, https:\/\/www.olfa.mimacdoo.rs\/wp-content\/uploads\/2024\/05\/WD-L_BRN-12x12.jpg 12w, https:\/\/www.olfa.mimacdoo.rs\/wp-content\/uploads\/2024\/05\/WD-L_BRN-600x600.jpg 600w, https:\/\/www.olfa.mimacdoo.rs\/wp-content\/uploads\/2024\/05\/WD-L_BRN-100x100.jpg 100w, https:\/\/www.olfa.mimacdoo.rs\/wp-content\/uploads\/2024\/05\/WD-L_BRN.jpg 640w\" sizes=\"(max-width: 300px) 100vw, 300px\" \/><h2 class=\"woocommerce-loop-product__title\">WD-L\/BRN SKALPEL<\/h2>\n<\/a><a href=\"https:\/\/www.olfa.mimacdoo.rs\/?product=wd-l-brn\" aria-describedby=\"woocommerce_loop_add_to_cart_link_describedby_4129\" data-quantity=\"1\" class=\"button product_type_simple\" data-product_id=\"4129\" data-product_sku=\"WD-L\/BRN\" aria-label=\"Read more about &ldquo;WD-L\/BRN SKALPEL&rdquo;\" rel=\"nofollow\" data-success_message=\"\">Read more<\/a>\t<span id=\"woocommerce_loop_add_to_cart_link_describedby_4129\" class=\"screen-reader-text\">\n\t\t\t<\/span>\n<\/li>\n<\/ul>\n<\/div><\/div>\n\t\t\t\t\t\t<\/div>\n\t\t\t\t<\/div>\n\t\t\t\t\t<\/div>\n\t\t<\/div>\n\t\t\t\t\t<\/div>\n\t\t<\/section>\n\t\t\t\t<section class=\"elementor-section elementor-top-section elementor-element elementor-element-7315c34 elementor-section-height-min-height elementor-section-boxed elementor-section-height-default elementor-section-items-middle\" data-id=\"7315c34\" data-element_type=\"section\" data-e-type=\"section\" data-settings=\"{&quot;background_background&quot;:&quot;classic&quot;}\">\n\t\t\t\t\t\t\t<div class=\"elementor-background-overlay\"><\/div>\n\t\t\t\t\t\t\t<div class=\"elementor-container elementor-column-gap-no\">\n\t\t\t\t\t<div class=\"elementor-column elementor-col-100 elementor-top-column elementor-element elementor-element-4b6c274\" data-id=\"4b6c274\" data-element_type=\"column\" data-e-type=\"column\">\n\t\t\t<div class=\"elementor-widget-wrap elementor-element-populated\">\n\t\t\t\t\t<div class=\"elementor-background-overlay\"><\/div>\n\t\t\t\t\t\t<div class=\"elementor-element elementor-element-73c7b1a elementor-widget elementor-widget-heading\" data-id=\"73c7b1a\" data-element_type=\"widget\" data-e-type=\"widget\" id=\"onama\" data-widget_type=\"heading.default\">\n\t\t\t\t<div class=\"elementor-widget-container\">\n\t\t\t\t\t<h3 class=\"elementor-heading-title elementor-size-default\">O NAMA<\/h3>\t\t\t\t<\/div>\n\t\t\t\t<\/div>\n\t\t\t\t<div class=\"elementor-element elementor-element-e3b1272 elementor-widget elementor-widget-text-editor\" data-id=\"e3b1272\" data-element_type=\"widget\" data-e-type=\"widget\" data-widget_type=\"text-editor.default\">\n\t\t\t\t<div class=\"elementor-widget-container\">\n\t\t\t\t\t\t\t\t\t<p><strong>Na\u0161a vizija<\/strong><br \/>Od samog po\u010detka akcenat je stavljen na kvalitet,<br \/>a na\u0161a vizija je da i u budu\u0107e tako ostane.<br \/>Uspeli smo da stalnim usavr\u0161avanjem i raznovrsnom ponudom ostanemo na samom vrhu.<\/p><p><strong>Istorija na\u0161eg po\u010detka<\/strong><br \/>Od 2001. M.I.M.A.C. postaje generalni uvoznik i<br \/>distributer japanske kompanije OLFA, najve\u0107eg<br \/>svetskog proizvo\u0111a\u010da skalpela i rezervnih no\u017ei\u0107a,<br \/>za Srbiju, Bosnu i Hercegovinu, Crnu Goru i <br \/>Severnu Makedoniju.<\/p>\t\t\t\t\t\t\t\t<\/div>\n\t\t\t\t<\/div>\n\t\t\t\t<div class=\"elementor-element elementor-element-bd2fc04 elementor-widget__width-auto elementor-icon-list--layout-traditional elementor-list-item-link-full_width elementor-widget elementor-widget-icon-list\" data-id=\"bd2fc04\" data-element_type=\"widget\" data-e-type=\"widget\" data-widget_type=\"icon-list.default\">\n\t\t\t\t<div class=\"elementor-widget-container\">\n\t\t\t\t\t\t\t<ul class=\"elementor-icon-list-items\">\n\t\t\t\t\t\t\t<li class=\"elementor-icon-list-item\">\n\t\t\t\t\t\t\t\t\t\t\t<span class=\"elementor-icon-list-icon\">\n\t\t\t\t\t\t\t<i aria-hidden=\"true\" class=\"fas fa-check\"><\/i>\t\t\t\t\t\t<\/span>\n\t\t\t\t\t\t\t\t\t\t<span class=\"elementor-icon-list-text\">Kvalitet<\/span>\n\t\t\t\t\t\t\t\t\t<\/li>\n\t\t\t\t\t\t\t\t<li class=\"elementor-icon-list-item\">\n\t\t\t\t\t\t\t\t\t\t\t<span class=\"elementor-icon-list-icon\">\n\t\t\t\t\t\t\t<i aria-hidden=\"true\" class=\"fas fa-handshake\"><\/i>\t\t\t\t\t\t<\/span>\n\t\t\t\t\t\t\t\t\t\t<span class=\"elementor-icon-list-text\">Sigurna saradnja<\/span>\n\t\t\t\t\t\t\t\t\t<\/li>\n\t\t\t\t\t\t\t\t<li class=\"elementor-icon-list-item\">\n\t\t\t\t\t\t\t\t\t\t\t<span class=\"elementor-icon-list-icon\">\n\t\t\t\t\t\t\t<i aria-hidden=\"true\" class=\"fas fa-chess-king\"><\/i>\t\t\t\t\t\t<\/span>\n\t\t\t\t\t\t\t\t\t\t<span class=\"elementor-icon-list-text\">Generalni uvoznik<\/span>\n\t\t\t\t\t\t\t\t\t<\/li>\n\t\t\t\t\t\t<\/ul>\n\t\t\t\t\t\t<\/div>\n\t\t\t\t<\/div>\n\t\t\t\t<div class=\"elementor-element elementor-element-b3090ac elementor-widget elementor-widget-button\" data-id=\"b3090ac\" data-element_type=\"widget\" data-e-type=\"widget\" data-widget_type=\"button.default\">\n\t\t\t\t<div class=\"elementor-widget-container\">\n\t\t\t\t\t\t\t\t\t<div class=\"elementor-button-wrapper\">\n\t\t\t\t\t<a class=\"elementor-button elementor-size-md\" role=\"button\">\n\t\t\t\t\t\t<span class=\"elementor-button-content-wrapper\">\n\t\t\t\t\t\t\t\t\t<span class=\"elementor-button-text\">Vi\u0161e o kompaniji<\/span>\n\t\t\t\t\t<\/span>\n\t\t\t\t\t<\/a>\n\t\t\t\t<\/div>\n\t\t\t\t\t\t\t\t<\/div>\n\t\t\t\t<\/div>\n\t\t\t\t\t<\/div>\n\t\t<\/div>\n\t\t\t\t\t<\/div>\n\t\t<\/section>\n\t\t\t\t<\/div>\n\t\t","protected":false},"excerpt":{"rendered":"<p>GENERALNI UVOZNIK I DISTRIBUTER OLFA KORPORACIJE Svi OLFA modeli se proizvode isklju\u010divo u Japanu Dugotrajnost i izdr\u017eljivost se\u010diva Vrhunski kvalitet Proizvodi NOVI PROIZVODI O NAMA Na\u0161a vizijaOd samog po\u010detka akcenat je stavljen na kvalitet,a na\u0161a vizija je da i u budu\u0107e tako ostane.Uspeli smo da stalnim usavr\u0161avanjem i raznovrsnom ponudom ostanemo na samom vrhu. Istorija [&hellip;]<\/p>\n","protected":false},"author":1,"featured_media":0,"parent":0,"menu_order":0,"comment_status":"closed","ping_status":"closed","template":"","meta":{"_uag_custom_page_level_css":"","site-sidebar-layout":"no-sidebar","site-content-layout":"page-builder","ast-site-content-layout":"","site-content-style":"default","site-sidebar-style":"default","ast-global-header-display":"","ast-banner-title-visibility":"","ast-main-header-display":"","ast-hfb-above-header-display":"","ast-hfb-below-header-display":"","ast-hfb-mobile-header-display":"","site-post-title":"disabled","ast-breadcrumbs-content":"disabled","ast-featured-img":"disabled","footer-sml-layout":"","theme-transparent-header-meta":"enabled","adv-header-id-meta":"","stick-header-meta":"","header-above-stick-meta":"","header-main-stick-meta":"","header-below-stick-meta":"","astra-migrate-meta-layouts":"default","ast-page-background-enabled":"default","ast-page-background-meta":{"desktop":{"background-color":"","background-image":"","background-repeat":"repeat","background-position":"center center","background-size":"auto","background-attachment":"scroll","background-type":"","background-media":"","overlay-type":"","overlay-color":"","overlay-opacity":"","overlay-gradient":""},"tablet":{"background-color":"","background-image":"","background-repeat":"repeat","background-position":"center center","background-size":"auto","background-attachment":"scroll","background-type":"","background-media":"","overlay-type":"","overlay-color":"","overlay-opacity":"","overlay-gradient":""},"mobile":{"background-color":"","background-image":"","background-repeat":"repeat","background-position":"center center","background-size":"auto","background-attachment":"scroll","background-type":"","background-media":"","overlay-type":"","overlay-color":"","overlay-opacity":"","overlay-gradient":""}},"ast-content-background-meta":{"desktop":{"background-color":"var(--ast-global-color-5)","background-image":"","background-repeat":"repeat","background-position":"center center","background-size":"auto","background-attachment":"scroll","background-type":"","background-media":"","overlay-type":"","overlay-color":"","overlay-opacity":"","overlay-gradient":""},"tablet":{"background-color":"var(--ast-global-color-5)","background-image":"","background-repeat":"repeat","background-position":"center center","background-size":"auto","background-attachment":"scroll","background-type":"","background-media":"","overlay-type":"","overlay-color":"","overlay-opacity":"","overlay-gradient":""},"mobile":{"background-color":"var(--ast-global-color-5)","background-image":"","background-repeat":"repeat","background-position":"center center","background-size":"auto","background-attachment":"scroll","background-type":"","background-media":"","overlay-type":"","overlay-color":"","overlay-opacity":"","overlay-gradient":""}},"footnotes":""},"class_list":["post-13","page","type-page","status-publish","hentry"],"uagb_featured_image_src":{"full":false,"thumbnail":false,"medium":false,"medium_large":false,"large":false,"1536x1536":false,"2048x2048":false,"trp-custom-language-flag":false,"woocommerce_thumbnail":false,"woocommerce_single":false,"woocommerce_gallery_thumbnail":false},"uagb_author_info":{"display_name":"mimacdoo","author_link":"https:\/\/www.olfa.mimacdoo.rs\/?author=1"},"uagb_comment_info":0,"uagb_excerpt":"GENERALNI UVOZNIK I DISTRIBUTER OLFA KORPORACIJE Svi OLFA modeli se proizvode isklju\u010divo u Japanu Dugotrajnost i izdr\u017eljivost se\u010diva Vrhunski kvalitet Proizvodi NOVI PROIZVODI O NAMA Na\u0161a vizijaOd samog po\u010detka akcenat je stavljen na kvalitet,a na\u0161a vizija je da i u budu\u0107e tako ostane.Uspeli smo da stalnim usavr\u0161avanjem i raznovrsnom ponudom ostanemo na samom vrhu. Istorija&hellip;","_links":{"self":[{"href":"https:\/\/www.olfa.mimacdoo.rs\/index.php?rest_route=\/wp\/v2\/pages\/13","targetHints":{"allow":["GET"]}}],"collection":[{"href":"https:\/\/www.olfa.mimacdoo.rs\/index.php?rest_route=\/wp\/v2\/pages"}],"about":[{"href":"https:\/\/www.olfa.mimacdoo.rs\/index.php?rest_route=\/wp\/v2\/types\/page"}],"author":[{"embeddable":true,"href":"https:\/\/www.olfa.mimacdoo.rs\/index.php?rest_route=\/wp\/v2\/users\/1"}],"replies":[{"embeddable":true,"href":"https:\/\/www.olfa.mimacdoo.rs\/index.php?rest_route=%2Fwp%2Fv2%2Fcomments&post=13"}],"version-history":[{"count":164,"href":"https:\/\/www.olfa.mimacdoo.rs\/index.php?rest_route=\/wp\/v2\/pages\/13\/revisions"}],"predecessor-version":[{"id":4314,"href":"https:\/\/www.olfa.mimacdoo.rs\/index.php?rest_route=\/wp\/v2\/pages\/13\/revisions\/4314"}],"wp:attachment":[{"href":"https:\/\/www.olfa.mimacdoo.rs\/index.php?rest_route=%2Fwp%2Fv2%2Fmedia&parent=13"}],"curies":[{"name":"wp","href":"https:\/\/api.w.org\/{rel}","templated":true}]}}